llions digit of 164037000?
6
What is the billions digit of 2054163570?
2
What is the millions digit of 57920434?
7
What is the millions digit of 732334944?
2
What is the hundreds digit of 1671651?
6
What is the ten millions digit of 51127618?
5
What is the tens digit of 1675251671?
7
What is the billions digit of 2545403296?
2
What is the tens digit of 1327553364?
6
What is the units digit of 302401217?
7
What is the thousands digit of 17346118?
6
What is the thousands digit of 10795464?
5
What is the units digit of 858561726?
6
What is the ten thousands digit of 109257285?
5
What is the units digit of 229223288?
8
What is the ten thousands digit of 745016955?
1
What is the millions digit of 7360191529?
0
What is the thousands digit of 43822862?
2
What is the millions digit of 805758681?
5
What is the thousands digit of 3803556349?
6
What is the hundreds digit of 3279937608?
6
What is the thousands digit of 75233981?
3
What is the millions digit of 30240427?
0
What is the units digit of 121616992?
2
What is the tens digit of 336607011?
1
What is the hundreds digit of 36187507?
5
What is the tens digit of 63735987?
8
What is the tens digit of 1110429208?
0
What is the ten thousands digit of 48308405?
0
What is the ten thousands digit of 1980915924?
1
What is the ten thousands digit of 11950665?
5
What is the hundred millions digit of 175826086?
1
What is the tens digit of 169995318?
1
What is the units digit of 6155121?
1
What is the hundred thousands digit of 524499351?
4
What is the tens digit of 3329250959?
5
What is the hundred millions digit of 1491907204?
4
What is the hundred millions digit of 849455029?
8
What is the tens digit of 42665617?
1
What is the ten millions digit of 29788303?
2
What is the millions digit of 857906856?
7
What is the ten thousands digit of 316625597?
2
What is the ten thousands digit of 2539167447?
6
What is the thousands digit of 10335703?
5
What is the billions digit of 9048023341?
9
What is the ten thousands digit of 181382849?
8
What is the thousands digit of 1611939280?
9
What is the ten millions digit of 570056254?
7
What is the hundreds digit of 3038718926?
9
What is the thousands digit of 2286607183?
7
What is the ten millions digit of 1868035072?
6
What is the thousands digit of 53652493?
2
What is the hundred millions digit of 223585318?
2
What is the hundred thousands digit of 65895533?
8
What is the units digit of 413148754?
4
What is the tens digit of 25027125?
2
What is the millions digit of 165747493?
5
What is the hundred thousands digit of 115411738?
4
What is the ten thousands digit of 2999421721?
2
What is the tens digit of 94292672?
7
What is the hundred thousands digit of 58744320?
7
What is the ten thousands digit of 7128864369?
6
What is the millions digit of 44718117?
4
What is the hundreds digit of 111462272?
2
What is the hundred thousands digit of 67675372?
6
What is the millions digit of 1564798418?
4
What is the hundred millions digit of 573974725?
5
What is the ten thousands digit of 42515997?
1
What is the hundred millions digit of 8227691168?
2
What is the ten millions digit of 2673983815?
7
What is the units digit of 158999896?
6
What is the hundred thousands digit of 200256487?
2
What is the units digit of 1121897274?
4
What is the tens digit of 1826878387?
8
What is the units digit of 5489199506?
6
What is the ten thousands digit of 781408018?
0
What is the hundred thousands digit of 181590992?
5
What is the hundreds digit of 398881377?
3
What is the units digit of 54440733?
3
What is the units digit of 57381126?
6
What is the ten thousands digit of 726864349?
6
What is the hundred thousands digit of 275453249?
4
What is the ten millions digit of 427539300?
2
What is the units digit of 235775901?
1
What is the ten thousands digit of 339359881?
5
What is the hundred millions digit of 235713787?
2
What is the ten millions digit of 104142828?
0
What is the tens digit of 2554393037?
3
What is the units digit of 9876976?
6
What is the ten thousands digit of 14238820?
3
What is the ten thousands digit of 407767204?
6
What is the ten millions digit of 185207036?
8
What is the ten millions digit of 457854671?
5
What is the hundreds digit of 700322348?
3
What is the millions digit of 708052033?
8
What is the thousands digit of 28514496?
4
What is the millions digit of 15230520?
5
What is the hundred thousands digit of 95810387?
8
What is the millions digit of 137001555?
7
What is the units digit of 1070644728?
8
What is the millions digit of 1028422191?
8
What is the thousands digit of 1161708313?
8
What is the hundred millions digit of 487569855?
4
What is the hundreds digit of 260772412?
4
What is the hundred thousands digit of 300402377?
4
What is the ten thousands digit of 5609039?
0
What is the hundreds digit of 18568793?
7
What is the ten thousands digit of 53426903?
2
What is the ten millions digit of 451209460?
5
What is the tens digit of 158702976?
7
What is the hundreds digit of 417240646?
6
What is the ten millions digit of 1984675184?
8
What is the ten millions digit of 433217404?
3
What is the ten thousands digit of 437624466?
2
What is the thousands digit of 432346087?
6
What is the tens digit of 766353490?
9
What is the ten millions digit of 327239792?
2
What is the millions digit of 26010328?
6
What is the thousands digit of 307666455?
6
What is the ten millions digit of 22078946?
2
What is the units digit of 3316660586?
6
What is the hundred thousands digit of 111686915?
6
What is the thousands digit of 22836078?
6
What is the hundred thousands digit of 298773735?
7
What is the ten millions digit of 205201299?
0
What is the units digit of 34652362?
2
What is the units digit of 281572958?
8
What is the hundreds digit of 31706541?
5
What is the ten thousands digit of 198206578?
0
What is the millions digit of 964240746?
4
What is the units digit of 2954588829?
9
What is the hundred thousands digit of 765291907?
2
What is the tens digit of 9520119?
1
What is the units digit of 2623415947?
7
What is the hundred millions digit of 1064836256?
0
What is the ten thousands digit of 125356710?
5
What is the tens digit of 981098823?
2
What is the thousands digit of 42118835?
8
What is the hundreds digit of 8889385?
3
What is the hundreds digit of 3086979909?
9
What is the millions digit of 1635771?
1
What is the thousands digit of 1136908117?
8
What is the ten millions digit of 43905639?
4
What is the ten millions digit of 586116150?
8
What is the hundred thousands digit of 399404429?
4
What is the millions digit of 3946292427?
6
What is the units digit of 8617130?
0
What is the ten thousands digit of 11666277?
6
What is the ten millions digit of 467946940?
6
What is the ten millions digit of 126903489?
2
What is the hundred thousands digit of 97955270?
9
What is the tens digit of 3043742?
4
What is the ten thousands digit of 81371028?
7
What is the thousands digit of 903756?
3
What is the thousands digit of 2585028?
5
What is the thousands digit of 68455958?
5
What is the units digit of 70902154?
4
What is the units digit of 1012041242?
2
What is the tens digit of 2480066754?
5
What is the millions digit of 17750454?
7
What is the tens digit of 293479474?
7
What is the billions digit of 2975337054?
2
What is the thousands digit of 277248725?
8
What is the units digit of 262716646?
6
What is the tens digit of 1002780024?
2
What is the ten millions digit of 12208253?
1
What is the hundred millions digit of 124773478?
1
What is the units digit of 34128588?
8
What is the ten millions digit of 2737554856?
3
What is the units digit of 45103342?
2
What is the ten millions digit of 2214554031?
1
What is the billions digit of 1667318412?
1
What is the hundred thousands digit of 504868302?
8
What is the units digit of 252802207?
7
What is the ten millions digit of 2353915410?
5
What is the tens digit of 89153181?
8
What is the hundred thousands digit of 44378522?
3
What is the hundred millions digit of 213076676?
2
What is the ten millions digit of 89013236?
8
What is the millions digit of 11912335?
1
What is the ten thousands digit of 146792867?
9
What is the hundred millions digit of 808882726?
8
What is the hundreds digit of 151350918?
9
What is the hundreds digit of 1579446439?
4
